4*44/(-6). Calculate the greatest common factor of d and b.
15
Let n be 6 + (-2 - (-2 + 3)). Let b be 1/n - 69/(-9). Suppose 5 = -p + 69. What is the highest common factor of p and b?
8
Let a(f) = 15*f - 6. Let d be a(4). Let l = 8 - 2. Calculate the highest common factor of d and l.
6
Suppose 5*o + 5*m - 15 = 0, -5*o + 2*m = -42 + 6. Let y be ((-9)/4)/(o/(-16)). Let d be 54*1/(4/y). What is the highest common factor of d and 9?
9
Let b be 2/3*285/10. Suppose 2*j - 7 = b. Calculate the greatest common divisor of 104 and j.
13
Let g be 17/(119/210) - 2. Suppose 4*t - 3*n = 53, -2*t + 26 = -2*n - 0*n. Calculate the greatest common divisor of t and g.
14
Let t = -244 + 98. Let x = -50 - t. What is the greatest common factor of x and 12?
12
Suppose -2*s + 10 = -0*s. Suppose -3*z + s*n + 22 = -22, -5*n + 8 = z. Let g = -93 + 197. What is the highest common divisor of z and g?
13
Suppose -12*m = -13*m + 36. Suppose 2*i - 5*t + 56 = 5*i, m = 4*i - 3*t. What is the highest common divisor of 18 and i?
6
Let v(y) = 5*y - 5. Let q be v(2). Suppose 5*d - 34 = t, -4*d + 10 = d + q*t. Suppose 0*z = -z + 4. What is the greatest common factor of z and d?
2
Let h = 442 + -314. Suppose 3*d - 72 = -d. Suppose 30 = 3*j - d. What is the greatest common factor of j and h?
16
Let p = 7 + -2. Let n be 18/p - 2/(-5). Suppose 5*d + 79 = n*f - 127, -3*f = 5*d - 172. Calculate the greatest common factor of f and 36.
18
Let s be 12/(575/140 - 4). What is the greatest common factor of 28 and s?
28
Let l be (18/4 + -2)*2. Calculate the greatest common factor of 40 and l.
5
Suppose -1649 = -17*t + 1411. What is the highest common factor of 45 and t?
45
Let q(b) = b**3 - b + 2. Let t be 4/(-14) + 2/7. Let d be q(t). Let w be (-1 + d)/(4/4). Calculate the greatest common factor of w and 8.
1
Suppose 25 = -5*p - 2*h, 5*p = -h - 22 + 2. Let o be p/15 - (-24)/20. Calculate the highest common factor of o and 8.
1
Let i = -15 + 115. What is the greatest common divisor of i and 40?
20
Let o(i) be the first derivative of 1 - 7/2*i**2 - 8*i + 2/3*i**3. Let j be o(6). Calculate the highest common divisor of j and 33.
11
Suppose 10 = -o - 2*i - 0*i, 0 = -o + i - 1. Let u(p) = 2*p**2 + 0 - 4 - p**3 + 7. Let h be u(o). What is the highest common divisor of 11 and h?
11
Let l be -1*5*(31 - 32). What is the highest common divisor of 45 and l?
5
Suppose g - 5 = -4*g. Let x be ((-109)/(-2))/g*2. Suppose 5*c = 5*h + 175, -3*c = 3*h - 2*h - x. What is the highest common factor of c and 12?
12
Let d be (-5 + 2)/((-2)/16). Let v be (-1 + 18/3)*-2. Let i = v + 22. Calculate the greatest common divisor of i and d.
12
Let p be -10*(208/(-20) + 0). Calculate the highest common divisor of 26 and p.
26
Let r be -22*(-5)/2*-1. Let z be (-10)/r - 152/(-11). Let d be 0 + 0 + 55 - -1. What is the highest common factor of d and z?
14
Let i(n) = 5*n - 3. Let m be i(4). Calculate the greatest common factor of 136 and m.
17
Let k be 2/9 - (-133)/9. Let i be (-7)/(-5) + (-6)/15. Let w be (-15)/(-9)*i*3. Calculate the highest common factor of w and k.
5
Let s(y) = -y**2 + 8*y - 8. Let b be s(6). Let d be (-99)/6 - (-2)/b. Let z be (d/6)/(3/(-9)). What is the greatest common factor of 1 and z?
1
Let r(z) be the third derivative of -z**5/30 + z**4/8 + 2*z**3/3 + z**2. Let w be r(3). Let c = w - -11. Calculate the highest common factor of c and 2.
2
Suppose -359 + 51 = -j. Calculate the greatest common divisor of j and 28.
28
Let g be (18/(-18))/(1/(-12)). Calculate the greatest common divisor of g and 6.
6
Let k(b) be the first derivative of b**4/4 + 7*b**3/3 - 5*b**2/2 + 10*b + 4. Let j be k(-7). Calculate the highest common factor of 9 and j.
9
Let r be (-123)/(-1) - (1 - -2). What is the greatest common factor of 15 and r?
15
Let h(s) = 10*s - 3. Let x be h(1). Calculate the greatest common divisor of x and 7.
7
Let g be 55*(2 + 8/(-5)). Calculate the highest common factor of 198 and g.
22
Let x(m) = 15*m - 7*m + 20*m. Let w be x(2). Calculate the highest common divisor of 7 and w.
7
Let a = -31 + 40. Suppose -2*q - 2*m = -164, -5*q - 6*m + 409 = -2*m. Calculate the greatest common divisor of q and a.
9
Let p(b) = 5*b**2 - b + 4. Let j be p(-3). Let c = 20 - 7. What is the greatest common factor of j and c?
13
Let k = -182 - -322. What is the highest common factor of 56 and k?
28
Let k be (-2 + 2/((-4)/(-26)))*7. Calculate the highest common factor of k and 11.
11
Suppose 0 = -0*d - 5*d + 25. Suppose -15 + d = -5*v. Let k(g) = 11*g**2 + g - 1. Let c be k(v). What is the highest common factor of 5 and c?
5
Let k = 32 + 40. Calculate the highest common factor of k and 9.
9
Let a(j) = -j - 7. Let s be a(-7). Suppose 5*g - 9*g = s. Suppose g = 5*c - c - 100. Calculate the highest common divisor of c and 10.
5
Let b be 25/(-2)*(-8)/10. Let r be -3*((-8)/(-6) - 2). Suppose 2*g = -r*g + 160. Calculate the greatest common divisor of b and g.
10
Let g be (-6)/(-14) + 32/7. Suppose m + 2*l + 7 = 20, -5*l = -g*m + 110. What is the highest common factor of m and 19?
19
Let s(r) be the second derivative of -7*r**5/20 + r**3/2 + r**2 + r. Let m be s(-2). Suppose 5*l - m = l. Calculate the greatest common divisor of 26 and l.
13
Let n be ((-92)/(-8))/(1/14). What is the highest common factor of 23 and n?
23
Let d(m) = m**2 - 12*m + 14. Let t be d(11). Suppose -t*r - 220 = -7*r. Calculate the greatest common divisor of 5 and r.
5
Let j(n) = -13*n**3 - 2*n. Let m be j(-2). Let b(s) = -s + 7. Let a be b(-5). What is the greatest common divisor of a and m?
12
Let v(q) = 2*q**2 - 3*q + 4. Let n be v(3). What is the highest common factor of n and 117?
13
Suppose 3*g + g - 16 = 0. Suppose 5*d - 3*q = g*d + 22, 3*d - 22 = -2*q. What is the highest common factor of d and 4?
2
Suppose 5*i + 2*j - 85 = -9, 4*i - 62 = -2*j. Calculate the highest common divisor of 168 and i.
14
Let j(w) = 28*w**3 + 3*w**2 - 1. Let h be j(1). Let k be ((10 + 0)*3)/2. What is the highest common factor of k and h?
15
Suppose -8 = -5*p + 4*p + 4*r, 0 = 4*p - 5*r - 21. Calculate the highest common factor of 20 and p.
4
Let o(c) = -2*c**3 + c**2 - 8*c - 5. Let p be o(-5). What is the highest common divisor of 124 and p?
62
Suppose u - 64 = 3*p + 56, -2*p = -3*u + 332. Calculate the greatest common divisor of 12 and u.
12
Suppose 1044 = 5*r - 106. Let q = 334 - r. Calculate the highest common divisor of 13 and q.
13
Suppose 0 = -5*l - 5 + 10. Suppose -l - 4 = -t. Let h be (-774)/(-22) - 6/33. Calculate the greatest common factor of t and h.
5
Suppose 0 = -2*x + 64 - 0. Suppose 12 - 252 = -5*u. Calculate the greatest common divisor of u and x.
16
Let o = 6 - 4. What is the highest common divisor of o and 6?
2
Suppose -14 = -5*m + 31. Suppose -45 - m = -2*g. Calculate the highest common divisor of g and 81.
27
Let l = 43 - 37. What is the highest common factor of 6 and l?
6
Let m be (5 - 3)*25/2. Calculate the greatest common divisor of 10 and m.
5
Let i = 7 - 4. Let h be ((-6)/4)/(11/(-22)). Let v be (-1 - -2)/(1/h). Calculate the greatest common factor of v and i.
3
Let l = 74 - 2. What is the highest common factor of l and 36?
36
Let u(v) be the first derivative of 2*v**3/3 - 7*v**2/2 - 2. Let x be u(5). Calculate the greatest common factor of 165 and x.
15
Let x(f) = f**2 + 17. Let j be x(0). Let n(h) = 20*h**2 - 3*h - 1. Let v be n(-2). What is the greatest common divisor of j and v?
17
Let p = 2 + 0. Suppose -6 = -p*s - 3*x, -2*x - 15 = -5*s + 2*x. Let m be (-4)/(-10) + 116/10. What is the highest common divisor of m and s?
3
Suppose -4*t - 17 = 2*j - 93, 5*t + 10 = 0. Let z = j + 120. Calculate the highest common divisor of 18 and z.
18
Let x(q) be the third derivative of q**5/60 - q**4/4 + q**2. Let w be x(7). What is the highest common divisor of 77 and w?
7
Suppose 3*m = 2*o - 9, -o - 3*o - 2*m = -58. Let v = -191 - -299. Calculate the greatest common divisor of v and o.
12
Let x be ((-8)/10)/((-4)/210). Calculate the highest common divisor of x and 14.
14
Suppose -10 = q + 4*q. Let a be q/(-20)*4*15. Let h be (4/a)/((-1)/(-6)). What is the highest common divisor of h and 16?
4
Suppose -2*v = -5*v - 180. Let u be (0 - 3/(-2))*2. Let l be v/(-1 + u/12). Calculate the highest common divisor of 10 and l.
10
Suppose -5*k - 2 = -6*k. Suppose -2*o - 8*p +